hat are the prime factors of t?
2
Suppose o + 0*j = -5*j - 23, -2*o = j + 1. Suppose -10 = -r - o*s, 3*s = -2*r + 4*s + 20. List the prime factors of r.
2, 5
Let j(v) = v. Let w(m) = 4*m - 10. Let s(f) = -6*j(f) + w(f). What are the prime factors of s(-9)?
2
Let o = -14 + 58. List the prime factors of o.
2, 11
List the prime factors of (-50)/15*(-13 + 1).
2, 5
Let j(c) = -c - 7. Let t be j(-7). Suppose z - 2*r = -4, t*r + 11 = 4*z + r. List the prime factors of z.
2
Let y(d) = 8*d**2. Suppose f + 2*q + 5 = 0, 3*f + q + 3*q = -7. Suppose -f*v = -v + 2. List the prime factors of y(v).
2
Suppose 3*a = c + 51, 0 = -2*c + 3*c - 3. What are the prime factors of a?
2, 3
Let n(v) = -v**3 + 2*v**2 + 9*v + 3. Let m be n(-5). Suppose -3*r + m + 41 = 0. List the prime factors of r.
2, 29
Let a = -13 + 10. Let p(y) = -3*y**3 - y + 4. Let r be p(a). Suppose o = -3*o + r. What are the prime factors of o?
2, 11
Let b be (-2 + 1)/(3/(-138)). Suppose 5*o - 64 = b. List the prime factors of o.
2, 11
Let n(v) = -5*v**3 + 2*v + 1. Let j = -3 + 2. Let h be n(j). Suppose 0 = h*b - 5*u - 39, 0*b + b + u - 3 = 0. List the prime factors of b.
2, 3
Suppose -7*z = -9*z + 380. What are the prime factors of z?
2, 5, 19
Let y(d) = 208*d + 2. What are the prime factors of y(1)?
2, 3, 5, 7
Let f(l) = -4*l - 3. Let u(a) = -3*a - 3. Let s(o) = -5*f(o) + 6*u(o). List the prime factors of s(14).
5
Suppose -3*j - 3*c = -27, -4*c + 17 = 2*j - 1. Suppose 5*v - 64 = -j. What are the prime factors of v?
11
What are the prime factors of (-14)/3*(-120)/28?
2, 5
What are the prime factors of (10 - 3) + -3*1?
2
Let y = 426 + -230. List the prime factors of y.
2, 7
Let h = 5 - 3. Suppose 2*k - 14 = -h. Suppose o = -0*o + k. List the prime factors of o.
2, 3
Let w be 4 - (-1)/(3/(-24)). List the prime factors of (-7 - w)*8/(-6).
2
Let v(r) = r**3 + 6*r**2 + 5*r + 4. Let l be v(-5). Let t = 31 - 21. What are the prime factors of (t/4*l)/1?
2, 5
Let n(z) = -3*z**3 - 2*z**2 + 3*z. Let i be n(3). Let r = -55 - i. Suppose 2*u = 0, u - 20 - r = -5*f. What are the prime factors of f?
11
Suppose 0 = -s + 6*s - 35. Let k be (-54)/s + (-4)/14. Let h(r) = -2*r - 6. List the prime factors of h(k).
2, 5
Suppose -6*k + 11 = -1. List the prime factors of (k*2)/((-9)/(-45)).
2, 5
Let y(q) = 5*q**2 + 13*q + 6. Let j(k) = -4*k**2 - 12*k - 5. Let p(f) = 4*j(f) + 3*y(f). List the prime factors of p(-5).
2, 3
Let h = 3 + 36. Suppose -v - 3 = -3*z - 0, -2*v - 3*z + h = 0. List the prime factors of v.
2, 3
What are the prime factors of (-20)/11 - -2 - (-1712)/22?
2, 3, 13
Let t(a) = -7*a + 6. List the prime factors of t(-6).
2, 3
Let r(w) = w**2 + 2*w - 48. Let h be r(0). What are the prime factors of (-7)/(21/h) - -1?
17
Suppose -36 = -0*y - 4*y. What are the prime factors of (-3)/y - (-55)/3?
2, 3
Suppose 14 = 5*h + p - 8, -20 = -3*h - 4*p. Suppose -3*y + 5*w = h*w - 54, 3*y + w = 54. What are the prime factors of y?
2, 3
Let r be (2/3)/(2/(-12)). What are the prime factors of 2 + 1 + r + 6?
5
Let m be (-1)/(-3) - (-15)/9. Suppose -3*r + 32 = -m*r. Let v = r + -23. List the prime factors of v.
3
Let h = 1 + -1. Let g be ((-9)/(-6) - 2)*h. Suppose -3 = 3*y + 2*c - 21, g = 4*y + c - 24. What are the prime factors of y?
2, 3
Let k = -21 + 12. What are the prime factors of (6/(-4))/(k/42)?
7
Let x(r) = -4*r**3 + 2*r + 1. Let i be x(2). Let t = 42 + i. List the prime factors of t.
3, 5
Suppose -2*s - 55 - 53 = 0. Let g = 95 + s. What are the prime factors of g?
41
Suppose 5 = -3*k + 65. List the prime factors of k.
2, 5
Let a(i) = i**2 + 4*i + 6. Let m(y) = y**3 - 8*y**2 - 9*y - 8. Let s be m(9). Let n = 2 + s. What are the prime factors of a(n)?
2, 3
Let r be 12/(-42) - 46/(-14). Suppose -w + l = -3, -w + r*w - 9 = -l. Suppose -24 = t - w*t. What are the prime factors of t?
2
Let k(m) = -31*m + 1. Let j be k(2). Let a = j + 98. Suppose 3*q = y + a, 3*q - 39 = -0*q + 3*y. List the prime factors of q.
2, 3
Suppose 3*y - 3 = -3*o, 4*o + 11 = -9. Let x(u) = -u**2 + 6*u + 6. List the prime factors of x(y).
2, 3
Let l = 9 - 2. Let q = 15 + l. List the prime factors of q.
2, 11
Let n = -31 + 28. Let q = -6 - -11. Let j = q - n. What are the prime factors of j?
2
Suppose -3*s + 0*r + 339 = 3*r, s - 3*r = 97. What are the prime factors of s?
109
Let a(d) = -d - 1. Let k(w) = w**2 - 8*w + 4. Let s(v) = 2*a(v) - k(v). What are the prime factors of s(3)?
3
Suppose 5 = 2*q + 17. Let s = q - -10. What are the prime factors of s?
2
Suppose -d = 4*d - 10. Suppose 5*g - d*p - 15 = 0, g + 2*g + 4*p = 9. List the prime factors of g.
3
Let u = 114 - 73. List the prime factors of u.
41
Let m(s) = -4*s**2 - 1 + s**3 + 3*s - 2 - 1. Let r(j) = -j + 2. Let k be r(-2). What are the prime factors of m(k)?
2
Let o = -4 + 6. Suppose -4*w + 0*s + 38 = -o*s, w + 2*s - 22 = 0. Let y = w + -4. What are the prime factors of y?
2
Let x(i) = i**2 - 9*i + 3. What are the prime factors of x(11)?
5
Let t(d) be the second derivative of d**5/60 - d**4/24 + 3*d**3/2 - d**2/2 + d. Let n(q) be the first derivative of t(q). List the prime factors of n(0).
3
Let z(m) = 5*m - 5. Let h be z(4). Suppose 5*n + 7 = -2*d, -3*n - h = 2*n. What are the prime factors of d?
2
Let j = 10 + -7. Let w be -3*(j - (-42)/(-9)). Suppose -5*n + 22 = 4*f, w*f + 0*f = 15. What are the prime factors of n?
2
Suppose 2*k - 1 = 7. What are the prime factors of k?
2
Let o(p) be the first derivative of -p**3/3 + 5*p**2/2 + 1. Let v be o(5). Suppose 3*i - i - 16 = v. What are the prime factors of i?
2
Suppose 3*m - 45 = -5*l + 436, 0 = -l + 5*m + 85. What are the prime factors of l?
5, 19
Suppose -3*f = -2*f - 5. Suppose -f*g - 16 = 2*l, -l = -4*l - 5*g - 14. List the prime factors of 11/2 + (-1)/l.
5
Suppose 5*g + 152 = -3*c, 3*g + 3*c + 88 = -2*c. Let o = g + 79. List the prime factors of o.
2, 3
Let o(r) = -2*r + 8. List the prime factors of o(-7).
2, 11
Suppose -n - 3*y = 12, 0 = -n + 5*y + 10 + 10. Suppose n + 12 = 2*g. List the prime factors of g.
2, 3
Let x = -3 - -5. Suppose -x*u = -6*w + 2*w - 20, 0 = -5*w - 10. Let h = u + 4. What are the prime factors of h?
2, 5
Suppose -2*g + 0*g = -5*x + 298, 50 = x + 2*g. Suppose 2*j = 4*t + 52, -3*j + t + t = -x. List the prime factors of j.
2
Suppose 294 = 4*j + 3*v, -2*j - 3*v + 204 = 54. What are the prime factors of j?
2, 3
Suppose 5 = -2*w + 25. List the prime factors of w.
2, 5
Let t(h) = 6 - h**2 - 2*h**3 + 3*h**3 + 5. Let l(k) = -k**3 - 4*k**2 - 4*k - 3. Let y be l(-3). List the prime factors of t(y).
11
Let i(j) = -j**2 + 11*j - 10. Let b be i(8). Suppose b = 4*v - 3*v. What are the prime factors of v?
2, 7
Suppose o = -f + 110, o = -0*f + 3*f + 106. What are the prime factors of o?
109
Suppose 0 = -5*r + 5*f + 445, 3*f = -2*r + 7*f + 176. What are the prime factors of r?
2, 3, 5
Let a = -17 + 57. What are the prime factors of a?
2, 5
Suppose -2*u - o = -2*o - 3, -u - o = -9. Let f = u + -4. Let d = f + 3. What are the prime factors of d?
3
Let u = -100 + 157. List the prime factors of u.
3, 19
Let d(k) = k**3 + 10*k**2 - k - 1. What are the prime factors of d(-6)?
149
Let p be 4/(-6)*(36 + -6). List the prime factors of p/8*222/(-15).
37
Suppose -4*f = -15 - 1. Suppose -m - f = 0, -6*d + d = 2*m - 82. List the prime factors of d.
2, 3
Let p(z) = -z - 6. Let j be p(-7). Let g(k) = -9 + 0*k - 2*k + j + k. List the prime factors of g(-10).
2
Let w be (-10)/25 + (-24)/(-10). Suppose w*h + 2 = 3*h. What are the prime factors of 4 - h/2 - -1?
2
Let n(v) = 3 + 2 + 3*v**2 - 4*v**2 - 3*v - 3*v. Let m(f) = 2*f. Let b be m(-3). List the prime factors of n(b).
5
Let x(r) = r**3 - 11*r**2 + 13*r + 11. List the prime factors of x(11).
2, 7, 11
Suppose 36 = 2*b - 18. What are the prime factors of b?
3
What are the prime factors of (-9)/(486/12) - 3568/(-18)?
2, 3, 11
Let n be 2/4 - 6/(-4). Suppose -2*u + 4*x = 6 - 30, 5*u + n*x = 0. List the prime factors of u + 1/(1/1).
3
Let a = 13 + -5. Suppose 0 = -6*c + a*c - 6. List the prime factors of 17 + 1 - (c - 1).
2
Suppose 0 = 4*k + 4*v - 24, -5*k - 3*v + v = -24. Suppose 2*h - 2 = k. Suppose h = 4*y - 21. What are the prime factors of y?
2, 3
Let q = 4 + -2. Suppose -3 = -q*t + 3. List the prime factors of t.
3
Let v(i) = -8*i - 19. List the prime factors of v(-3).
5
Let p(j) = 2*j + 5. Let